780*s - 117476. Determine t(66).
4
Let v(o) = -5220*o - 5227. Determine v(-1).
-7
Let o(i) = 1054*i + 2109. What is o(-2)?
1
Let c(u) = u**2 + 200*u - 399. What is c(2)?
5
Let w(n) = -246*n - 2244. Determine w(-9).
-30
Let h(o) = -747*o + 41825. Determine h(56).
-7
Let q(r) = -48*r**3 + 11*r**2 - 16*r. Determine q(2).
-372
Let n(v) = 36*v - 109. Determine n(-7).
-361
Let u(f) = -241*f + 705. What is u(3)?
-18
Let b(l) = 9*l**3 + 57*l**2 - 171*l + 110. Give b(2).
68
Let s(w) = w**2 - 1176*w + 111494. Determine s(104).
6
Let y(r) = r**3 - 20*r**2 + 63*r + 21. Determine y(16).
5
Let n(m) = -50*m - 382. Give n(-12).
218
Let t(y) = -y**3 + 8*y**2 + 19*y - 87. Give t(9).
3
Let x(p) = 96*p**2 - 381*p - 12. What is x(4)?
0
Let h(r) = -r**2 - 103*r + 661. Determine h(6).
7
Let o(b) = -8*b**3 + 7*b**2 - 8*b - 16. Calculate o(-1).
7
Let j(h) = -h**3 - 6*h**2 + 4*h - 9. What is j(3)?
-78
Let s(y) = -2053*y + 12317. Determine s(6).
-1
Let u(l) = 544*l - 9257. Give u(17).
-9
Let z(h) = 15*h + 6. Calculate z(6).
96
Let w(p) = -53*p - 2286. What is w(-43)?
-7
Let o(d) = 2*d**3 + 19*d**2 - 107*d - 5. Give o(4).
-1
Let f(w) = -w**2 + 606*w + 8673. Determine f(-14).
-7
Let n(w) = 2*w**3 + 27*w**2 + w + 24. Give n(-7).
654
Let x(k) = -k**3 + 18*k**2 + 37*k - 913. What is x(17)?
5
Let r(j) = j**3 + 32*j**2 - 237*j - 339. Give r(-38).
3
Let i(k) = -497*k**2 + 4472*k + 15. Give i(9).
6
Let c(a) = -a**2 + 8*a + 12. Calculate c(-1).
3
Let m(s) = -s**3 + 11*s**2 + 359*s + 127. Give m(-14).
1
Let z(f) = -4*f**2 + 137*f + 58. What is z(35)?
-47
Let l(i) = i**3 + 35*i**2 + 201*i + 16. What is l(-7)?
-19
Let x(b) = 4*b**2 - 67*b + 90. Give x(12).
-138
Let s(y) = -153*y + 791. What is s(5)?
26
Let p(z) = -35*z - 4368. Determine p(-126).
42
Let c(o) = o**2 - 1182*o - 5921. Calculate c(-5).
14
Let m(j) = 116*j**2 - 9*j - 10. Determine m(-1).
115
Let q(a) = 181*a + 31321. What is q(-173)?
8
Let w(y) = y**3 + 51*y**2 - 165*y - 85. What is w(-54)?
77
Let m(k) = 60*k - 355. What is m(6)?
5
Let k(n) = -n**3 + 9*n - 27. Determine k(0).
-27
Let s(k) = k**2 - 29*k - 2640. What is s(68)?
12
Let v(z) = 57*z**2 + 1195*z - 53. Calculate v(-21).
-11
Let h(u) = -16*u**2 + 178*u - 175. Determine h(1).
-13
Let w(h) = h**3 - 9*h**2 - 14*h - 1. Calculate w(-3).
-67
Let s(a) = a - 137. Give s(-7).
-144
Let j(d) = 2*d**2 - 80*d + 52. Give j(0).
52
Let g(m) = 14*m**2 - 149*m + 78. Give g(10).
-12
Let w(x) = -x**2 - 66*x - 794. What is w(-15)?
-29
Let p(z) = 57*z**3 + 14*z**2 + 5*z - 4. Determine p(1).
72
Let s(u) = u**2 + 98*u + 2355. Calculate s(-25).
530
Let a(p) = 162*p - 12636. Calculate a(78).
0
Let g(y) = y**3 + 9*y**2 - 24*y - 76. Determine g(-11).
-54
Let u(n) = -35*n - 138. Determine u(-4).
2
Let x(s) = -s**3 + 37*s**2 - 130*s - 85. Give x(33).
-19
Let h(l) = 2*l**2 - 20*l + 56. Give h(5).
6
Let j(v) = 89*v - 3. Give j(5).
442
Let n(j) = 3*j**2 - 15*j + 13. Calculate n(7).
55
Let n(c) = -c**3 - 9*c**2 - 15*c - 28. Give n(-5).
-53
Let h(t) = 131*t + 771. What is h(-6)?
-15
Let h(g) = -g**3 - 65*g**2 + 428*g + 148. Give h(-71).
6
Let u(c) = 60*c - 13. Give u(-3).
-193
Let o(v) = 12*v**2 - 597*v - 119. Calculate o(50).
31
Let c(q) = -q**2 - q + 29. Determine c(-3).
23
Let d(b) = 4*b**2 + 641*b - 640. What is d(1)?
5
Let o(x) = -2*x**3 + 26*x**2 + 23*x - 178. What is o(13)?
121
Let n(i) = 40*i + 26. Give n(4).
186
Let s(t) = 75*t + 1712. What is s(-24)?
-88
Let v(j) = -j**3 - 11*j**2 + 64*j - 24. Give v(-15).
-84
Let x(w) = -3*w**2 + 541*w - 2635. Give x(5).
-5
Let y(u) = u**3 - u**2 - 6*u + 57. Give y(-4).
1
Let l(p) = -380*p - 444. Calculate l(-1).
-64
Let i(y) = 8*y - 502. Calculate i(45).
-142
Let v(b) = b**2 + 111*b - 981. Calculate v(8).
-29
Let w(k) = -k**3 - 17*k**2 + 15*k - 67. Give w(-18).
-13
Let w(g) = 26*g**2 + 223*g + 9. Calculate w(-8).
-111
Let r(b) = -2*b**3 - 4*b**2 + 2081*b - 4146. Give r(2).
-16
Let c(q) = -3*q**3 + 181*q**2 - 52*q - 489. Determine c(60).
-9
Let r(n) = -13*n**2 + 239*n - 53. Calculate r(18).
37
Let z(o) = 9*o**3 + 3164*o**2 + 1757*o + 709. Calculate z(-351).
7
Let i(a) = -7*a**2 - 239*a + 731. Calculate i(3).
-49
Let p(g) = g**3 + 10*g**2 - 5*g + 70. Calculate p(-11).
4
Let l(k) = 3*k**3 - 7*k**2 + 24*k + 26. Give l(-1).
-8
Let g(r) = 19834*r + 99171. Give g(-5).
1
Let w(n) = n**2 - 46*n + 285. Give w(7).
12
Let n(z) = -416*z**2 + 20*z + 19. Calculate n(-1).
-417
Let j(f) = f**3 - 10*f**2 + 14*f - 35. Calculate j(6).
-95
Let d(b) = -b**3 + 15*b**2 + 62*b - 155. Calculate d(18).
-11
Let f(i) = -4*i**2 - 53*i - 43. Determine f(-13).
-30
Let d(q) = -q**3 + 344*q**2 + 1047*q + 18. Calculate d(-3).
0
Let i(t) = t**3 + 16*t**2 + 64*t + 36. What is i(-6)?
12
Let s(z) = -1788*z + 3593. Calculate s(2).
17
Let q(v) = v**3 - 19*v**2 + 22*v - 70. What is q(18)?
2
Let a(c) = -56*c + 2917. What is a(52)?
5
Let x(p) = 4667*p + 13930. Calculate x(-3).
-71
Let f(p) = -4*p**2 - 108*p - 24. What is f(-26)?
80
Let d(p) = p**2 + 367*p - 15834. Determine d(39).
0
Let o(v) = v**3 - 23*v**2 + 60*v - 385. Calculate o(21).
-7
Let n(h) = -12*h + 741. Determine n(41).
249
Let j(a) = a**3 + 16*a**2 + 39*a + 19. What is j(-2)?
-3
Let f(c) = -19*c**3 + 7*c**2 - c - 1. Give f(1).
-14
Let t(f) = 6*f + 64. Determine t(-14).
-20
Let o(c) = c**3 + 23*c**2 + 77*c + 32. What is o(-19)?
13
Let o(s) = -2*s**2 - 279*s + 1994. What is o(7)?
-57
Let w(n) = -200*n + 1530. Give w(8).
-70
Let z(t) = -706*t + 12003. Give z(17).
1
Let y(u) = 7*u**2 + 218*u + 24. Determine y(-31).
-7
Let k(q) = -3*q**3 + 141*q**2 + 4*q - 192. Give k(47).
-4
Let q(z) = -z**3 + 38*z**2 + 156*z + 497. Calculate q(42).
-7
Let r(a) = -90*a + 261. What is r(-5)?
711
Let z(b) = -2*b**2 + 19*b - 23. Calculate z(8).
1
Let n(a) = 26*a + 1200. What is n(-46)?
4
Let o(d) = -2*d**2 - 92*d + 2134. What is o(-63)?
-8
Let i(g) = -7*g**2 + 78*g + 515. Give i(-5).
-50
Let k(x) = -2*x**3 + 9*x**2 + 24*x + 14. Give k(-5).
369
Let d(i) = -3*i**3 + 32*i**2 - 18*i + 5. What is d(10)?
25
Let v(y) = 136*y**2 - 3401*y + 35. Give v(25).
10
Let q(v) = v + 27. Calculate q(-25).
2
Let r(z) = 21*z**2 + 1147*z - 440. Calculate r(-55).
0
Let z(y) = 589*y + 508. Determine z(-1).
-81
Let p(i) = -9*i + 88. Calculate p(-19).
259
Let p(t) = -t**2 - 23*t - 17. Give p(-4).
59
Let b(c) = -5*c - 90. Give b(-12).
-30
Let p(l) = 67*l + 668. Give p(-10).
-2
Let d(x) = -x**3 + 16*x**2 - 13*x - 130. Determine d(14).
80
Let s(r) = 29*r + 103. Calculate s(-12).
-245
Let u(r) = 2*r**3 + 40*r**2 - 144*r + 46. Give u(-23).
184
Let k(a) = 6*a**2 + 59*a + 49. Give k(-8).
-39
Let d(c) = -16*c + 114. Calculate d(11).
-62
Let g(p) = -117*p**2 - 2*p + 1. Give g(1).
-118
Let n(z) = 60*z**2 + 432*z + 432. What is n(-1)?
60
Let l(z) = -61*z + 904. What is l(15)?
-11
Let i(h) = -h**2 - 27*h + 143. Give i(-25).
193
Let v(q) = -60*q**3 - 14*q**2 - 12*q + 2. Determine v(-1).
60
Let b(m) = -m**2 - 99*m - 2449. Calculate b(-51).
-1
Let v(f) = f**3 + 3*f**2 - 26*f + 31. Calculate v(-7).
17
Let y(m) = m**3 - 48*m**2 - 7*m + 354. Give y(48).
18
Let h(x) = -x**3 + 31*x**2 - 51*x - 229. What is h(29)?
-26
Let t(i) = -6*i**2 + 9*i + 49. Determine t(-3).
-32
Let u(x) = -732*x - 30023. Calculate u(-41).
-11
Let j(v) = 58*v**2 + 43*v - 82. Give j(2).
236
Let i(y) = -y**3 + 68*y**2 - 4*y + 291. Determine i(68).
19
Let f(n) = n**3 + 4*n**2 - 3*n. Calculate f(2).
18
Let l(o) = 22*o + 87. Give l(-4).
-1
Let i(o) = -2*o**3 + 25*o**2 + 86*o - 949. Determine i(13).
0
Let v(k) = -102*k - 613. Calculate v(-6).
-1
Let p(m) = m**2 - 27*m - 16. Determine p(28).
12
Let f(d) = -38*d + 2197. What is f(57)?
31
Let z(d) = -d**3 - 60*d**2 + 62*d + 80. Calculate z(-61).
19
Let a(h) = -12*h**2 + 312*h - 3. Give a(26).
-3
Let p(d) = 10*d**2 - 747*d - 235. Give p(75).
-10
Let o(t) = -t**2 - 44*t - 459. What is o(-21)?
24
Let l(w) = -3*w**2 - 55*w + 25. What is l(-19)?
-13
Let c(j) = -28*j**2 - 60*j + 107. Give c(2).
-125
Let h(i) = 42*i**2 + 674*i + 35. Calculate h(-16).
3
Let l(n) = n**3 + 18*n**2 + n + 14. Calculate l(-18).
-4
Let y(q) = -5*q**2 - 29*q - 138. Calculate y(-5).
-118
Let k(o) = 17*o - 444. What is k(25)?
-19
Let m(a) = 17*a**2 + 142*a - 292. Calculate m(2).
60
Let w(g) = -g**2 + 10*g - 86. Determine w(16).
-182
Let t(s) = 2*s**3 + 27*s**2 + 9*s - 47. Determine t(-13).
5
Let k(w) = -2*w**3 - 62*w